{"id":209,"date":"2018-10-29T04:36:13","date_gmt":"2018-10-29T04:36:13","guid":{"rendered":"https:\/\/demo.themegrill.com\/zakra-yoga\/?page_id=204"},"modified":"2026-01-04T18:09:52","modified_gmt":"2026-01-04T18:09:52","slug":"group","status":"publish","type":"page","link":"https:\/\/nataliatarasov.com\/?page_id=209","title":{"rendered":"Terapia di coppia e familiare"},"content":{"rendered":"\t\t<div data-elementor-type=\"wp-page\" data-elementor-id=\"209\" class=\"elementor elementor-209\" data-elementor-settings=\"[]\">\n\t\t\t\t\t\t\t<div class=\"elementor-section-wrap\">\n\t\t\t\t\t\t\t<section class=\"elementor-section elementor-top-section elementor-element elementor-element-5b3dd067 elementor-section-boxed elementor-section-height-default elementor-section-height-default\" data-id=\"5b3dd067\" data-element_type=\"section\">\n\t\t\t\t\t\t<div class=\"elementor-container elementor-column-gap-default\">\n\t\t\t\t\t<div class=\"elementor-column elementor-col-100 elementor-top-column elementor-element elementor-element-71498348\" data-id=\"71498348\" data-element_type=\"column\">\n\t\t\t<div class=\"elementor-widget-wrap elementor-element-populated\">\n\t\t\t\t\t\t\t\t<div class=\"elementor-element elementor-element-55354353 elementor-widget elementor-widget-text-editor\" data-id=\"55354353\" data-element_type=\"widget\" data-widget_type=\"text-editor.default\">\n\t\t\t\t<div class=\"elementor-widget-container\">\n\t\t\t\t\t\t\t<p><span style=\"color: #000000;\">Terapia di coppia\u00a0<\/span><\/p><p><span style=\"font-style: inherit; font-weight: inherit; color: #000000;\">La vita di una coppia \u00e8 scandita da diverse fasi che richiedono la negoziazione di progetti e di abitudini oramai consolidate. Nella maggior parte dei casi questi passaggi evolutivi si accompagnano a momenti di crisi all\u2019interno della relazione che, a seconda di come vengono affrontate, possono rappresentare un\u2019occasione di crescita, di stallo o di separazione.<\/span><\/p><p class=\"MsoNormal\"><span lang=\"IT\"><span style=\"color: #000000;\">Si analizzano le difficolt\u00e0 di comunicazione, i problemi e le dinamiche relazionali disfunzionali per stabilire un nuovo equilibrio nella coppia e ripristinare le risorse interne nel rispetto dei bisogni di entrambi i partner. Ogni passaggio evolutivo o evento critico contiene sia aspetti positivi sia negativi. Quello che fa la differenza \u00e8 il modo in cui i cambiamenti sono percepiti e vissuti dalla coppia: spesso si trova una soluzione in modo spontaneo, altre volte, invece, si pu\u00f2 giungere ad una profonda crisi del rapporto che pu\u00f2 richiedere la necessit\u00e0 di una terapia di coppia.<\/span><\/span><\/p><p class=\"MsoNormal\"><span lang=\"IT\" style=\"color: #000000;\">Terapia familiare<\/span><\/p><p><span style=\"color: #000000;\"><span style=\"font-style: inherit; font-weight: inherit;\">Il percorso \u00e8 rivolto alle famiglie e ha l\u2019obiettivo di favorire una miglior crescita dei figli attivando le risorse degli adulti e instaurare un clima sereno e di collaborazione tra i genitori e i figli. La terapia familiare \u00e8 un intervento consigliato ai genitori che affrontano condotte problematiche dei figli: difficolt\u00e0 scolastiche e\/o relazionali, ansia, tristezza ed isolamento, problematiche di alimentazione, gestione delle emozioni, conflittualit\u00e0, aggressivit\u00e0 e rabbia.\u00a0<\/span>\u00a0<\/span><\/p>\t\t\t\t\t\t<\/div>\n\t\t\t\t<\/div>\n\t\t\t\t\t<\/div>\n\t\t<\/div>\n\t\t\t\t\t\t\t<\/div>\n\t\t<\/section>\n\t\t\t\t\t\t<\/div>\n\t\t\t\t\t<\/div>\n\t\t","protected":false},"excerpt":{"rendered":"<p>Terapia di coppia\u00a0 La vita di una coppia \u00e8 scandita da diverse fasi che richiedono la negoziazione di progetti e di abitudini oramai consolidate. Nella maggior parte dei casi questi passaggi evolutivi si accompagnano a momenti di crisi all\u2019interno della relazione che, a seconda di come vengono affrontate, possono rappresentare un\u2019occasione di crescita, di stallo [&hellip;]<\/p>\n","protected":false},"author":1,"featured_media":0,"parent":0,"menu_order":0,"comment_status":"closed","ping_status":"closed","template":"","meta":[],"_links":{"self":[{"href":"https:\/\/nataliatarasov.com\/index.php?rest_route=\/wp\/v2\/pages\/209"}],"collection":[{"href":"https:\/\/nataliatarasov.com\/index.php?rest_route=\/wp\/v2\/pages"}],"about":[{"href":"https:\/\/nataliatarasov.com\/index.php?rest_route=\/wp\/v2\/types\/page"}],"author":[{"embeddable":true,"href":"https:\/\/nataliatarasov.com\/index.php?rest_route=\/wp\/v2\/users\/1"}],"replies":[{"embeddable":true,"href":"https:\/\/nataliatarasov.com\/index.php?rest_route=%2Fwp%2Fv2%2Fcomments&post=209"}],"version-history":[{"count":37,"href":"https:\/\/nataliatarasov.com\/index.php?rest_route=\/wp\/v2\/pages\/209\/revisions"}],"predecessor-version":[{"id":1614,"href":"https:\/\/nataliatarasov.com\/index.php?rest_route=\/wp\/v2\/pages\/209\/revisions\/1614"}],"wp:attachment":[{"href":"https:\/\/nataliatarasov.com\/index.php?rest_route=%2Fwp%2Fv2%2Fmedia&parent=209"}],"curies":[{"name":"wp","href":"https:\/\/api.w.org\/{rel}","templated":true}]}}